{"id":37181,"date":"2025-12-03T13:34:09","date_gmt":"2025-12-03T12:34:09","guid":{"rendered":"https:\/\/www.pompes-funebres-santilly.com\/fr\/?post_type=avis_deces&#038;p=37181"},"modified":"2025-12-23T11:25:23","modified_gmt":"2025-12-23T10:25:23","slug":"monsieur-maurice-noubel","status":"publish","type":"avis_deces","link":"https:\/\/www.pompes-funebres-santilly.com\/fr\/avis-de-deces\/monsieur-maurice-noubel\/","title":{"rendered":"Monsieur Maurice NOUBEL"},"content":{"rendered":"","protected":false},"excerpt":{"rendered":"","protected":false},"featured_media":31070,"template":"","meta":{"_acf_changed":true},"deces_departement":[459],"deces_commune":[576],"deces_publication":[],"class_list":["post-37181","avis_deces","type-avis_deces","status-publish","has-post-thumbnail","hentry","deces_departement-oise","deces_commune-lamorlaye"],"acf":{"age_du_defunt":"86","date_de_deces":"2025-10-24","code_postal":"60260","maiden_name":"","deceased_photography":30824,"relatives":[{"lastnames_firstnames":[{"line":"Lydie NOUBEL, "}],"relationship":"son \u00e9pouse,"},{"lastnames_firstnames":[{"line":"V\u00e9ronique FILIPPA,"},{"line":"Francine et Daniel VALOIS, "}],"relationship":"ses filles et son gendre,"},{"lastnames_firstnames":[{"line":"Baptiste, Julie, Thomas, Quentin et Vincent, "}],"relationship":"ses petits-enfants,"},{"lastnames_firstnames":[{"line":"Lola, Lya, Issa, Tessa, Hugo, Nina, Sana, Assane et Emma,"}],"relationship":"ses arri\u00e8re-petits-enfants,"},{"lastnames_firstnames":false,"relationship":"Marion, Emmanuelle et Ahamada,"},{"lastnames_firstnames":false,"relationship":"Ainsi que toute la famille,"}],"announcement":"ont la tristesse de vous faire part du d\u00e9c\u00e8s de Monsieur Maurice NOUBEL\r\n","funeral":"<p style=\"text-align: center;\">La mise en bi\u00e8re aura lieu \u00e0 la chambre fun\u00e9raire de Lamorlaye<\/p>\n<p style=\"text-align: center;\"><strong>le vendredi 31 octobre \u00e0 14 heures.<\/strong><\/p>\n<p style=\"text-align: center;\"><em>(28 rue de la Seigneurie \u2013 60260 Lamorlaye)<\/em><\/p>\n<p style=\"text-align: center;\">\n<p style=\"text-align: center;\">La c\u00e9r\u00e9monie religieuse se d\u00e9roulera en la chapelle de Baillon<\/p>\n<p style=\"text-align: center;\"><strong>le vendredi 31 octobre \u00e0 15 heures.<\/strong><\/p>\n<p style=\"text-align: center;\"><em>(1B Pl. Jules Gautier &#8211; 95270 Asni\u00e8res-sur-Oise)<\/em><\/p>\n<p style=\"text-align: center;\">\n<p style=\"text-align: center;\">Suivie de son inhumation au cimeti\u00e8re de Baillon<\/p>\n<p style=\"text-align: center;\"><strong>le m\u00eame jour \u00e0 16 heures<\/strong>.<\/p>\n<p style=\"text-align: center;\"><em>(Rue Santiago Soulas \u2013 95270 Asni\u00e8res-sur-Oise)<\/em><\/p>\n<p>&nbsp;<\/p>\n"},"yoast_head":"<!-- This site is optimized with the Yoast SEO plugin v26.5 - https:\/\/yoast.com\/wordpress\/plugins\/seo\/ -->\n<title>Monsieur Maurice NOUBEL - Pompes Fun\u00e8bres Santilly<\/title>\n<meta name=\"robots\" content=\"index, follow, max-snippet:-1, max-image-preview:large, max-video-preview:-1\" \/>\n<link rel=\"canonical\" href=\"https:\/\/www.pompes-funebres-santilly.com\/fr\/avis-de-deces\/monsieur-maurice-noubel\/\" \/>\n<meta property=\"og:locale\" content=\"fr_FR\" \/>\n<meta property=\"og:type\" content=\"article\" \/>\n<meta property=\"og:title\" content=\"Monsieur Maurice NOUBEL - Pompes Fun\u00e8bres Santilly\" \/>\n<meta property=\"og:url\" content=\"https:\/\/www.pompes-funebres-santilly.com\/fr\/avis-de-deces\/monsieur-maurice-noubel\/\" \/>\n<meta property=\"og:site_name\" content=\"Pompes Fun\u00e8bres Santilly\" \/>\n<meta property=\"article:modified_time\" content=\"2025-12-23T10:25:23+00:00\" \/>\n<meta property=\"og:image\" content=\"https:\/\/www.pompes-funebres-santilly.com\/wp-content\/uploads\/2022\/11\/AVIS-DECES.jpg\" \/>\n\t<meta property=\"og:image:width\" content=\"768\" \/>\n\t<meta property=\"og:image:height\" content=\"513\" \/>\n\t<meta property=\"og:image:type\" content=\"image\/jpeg\" \/>\n<meta name=\"twitter:card\" content=\"summary_large_image\" \/>\n<script type=\"application\/ld+json\" class=\"yoast-schema-graph\">{\"@context\":\"https:\/\/schema.org\",\"@graph\":[{\"@type\":\"WebPage\",\"@id\":\"https:\/\/www.pompes-funebres-santilly.com\/fr\/avis-de-deces\/monsieur-maurice-noubel\/\",\"url\":\"https:\/\/www.pompes-funebres-santilly.com\/fr\/avis-de-deces\/monsieur-maurice-noubel\/\",\"name\":\"Monsieur Maurice NOUBEL - Pompes Fun\u00e8bres Santilly\",\"isPartOf\":{\"@id\":\"https:\/\/www.pompes-funebres-santilly.com\/fr\/#website\"},\"primaryImageOfPage\":{\"@id\":\"https:\/\/www.pompes-funebres-santilly.com\/fr\/avis-de-deces\/monsieur-maurice-noubel\/#primaryimage\"},\"image\":{\"@id\":\"https:\/\/www.pompes-funebres-santilly.com\/fr\/avis-de-deces\/monsieur-maurice-noubel\/#primaryimage\"},\"thumbnailUrl\":\"https:\/\/www.pompes-funebres-santilly.com\/wp-content\/uploads\/2022\/11\/AVIS-DECES.jpg\",\"datePublished\":\"2025-12-03T12:34:09+00:00\",\"dateModified\":\"2025-12-23T10:25:23+00:00\",\"breadcrumb\":{\"@id\":\"https:\/\/www.pompes-funebres-santilly.com\/fr\/avis-de-deces\/monsieur-maurice-noubel\/#breadcrumb\"},\"inLanguage\":\"fr-FR\",\"potentialAction\":[{\"@type\":\"ReadAction\",\"target\":[\"https:\/\/www.pompes-funebres-santilly.com\/fr\/avis-de-deces\/monsieur-maurice-noubel\/\"]}]},{\"@type\":\"ImageObject\",\"inLanguage\":\"fr-FR\",\"@id\":\"https:\/\/www.pompes-funebres-santilly.com\/fr\/avis-de-deces\/monsieur-maurice-noubel\/#primaryimage\",\"url\":\"https:\/\/www.pompes-funebres-santilly.com\/wp-content\/uploads\/2022\/11\/AVIS-DECES.jpg\",\"contentUrl\":\"https:\/\/www.pompes-funebres-santilly.com\/wp-content\/uploads\/2022\/11\/AVIS-DECES.jpg\",\"width\":768,\"height\":513},{\"@type\":\"BreadcrumbList\",\"@id\":\"https:\/\/www.pompes-funebres-santilly.com\/fr\/avis-de-deces\/monsieur-maurice-noubel\/#breadcrumb\",\"itemListElement\":[{\"@type\":\"ListItem\",\"position\":1,\"name\":\"Accueil\",\"item\":\"https:\/\/www.pompes-funebres-santilly.com\/fr\/\"},{\"@type\":\"ListItem\",\"position\":2,\"name\":\"Monsieur Maurice NOUBEL\"}]},{\"@type\":\"WebSite\",\"@id\":\"https:\/\/www.pompes-funebres-santilly.com\/fr\/#website\",\"url\":\"https:\/\/www.pompes-funebres-santilly.com\/fr\/\",\"name\":\"Pompes Fun\u00e8bres Santilly\",\"description\":\"\",\"publisher\":{\"@id\":\"https:\/\/www.pompes-funebres-santilly.com\/fr\/#organization\"},\"potentialAction\":[{\"@type\":\"SearchAction\",\"target\":{\"@type\":\"EntryPoint\",\"urlTemplate\":\"https:\/\/www.pompes-funebres-santilly.com\/fr\/?s={search_term_string}\"},\"query-input\":{\"@type\":\"PropertyValueSpecification\",\"valueRequired\":true,\"valueName\":\"search_term_string\"}}],\"inLanguage\":\"fr-FR\"},{\"@type\":\"Organization\",\"@id\":\"https:\/\/www.pompes-funebres-santilly.com\/fr\/#organization\",\"name\":\"LCF Santilly\",\"url\":\"https:\/\/www.pompes-funebres-santilly.com\/fr\/\",\"logo\":{\"@type\":\"ImageObject\",\"inLanguage\":\"fr-FR\",\"@id\":\"https:\/\/www.pompes-funebres-santilly.com\/fr\/#\/schema\/logo\/image\/\",\"url\":\"https:\/\/www.pompes-funebres-santilly.com\/wp-content\/uploads\/2019\/12\/logo-1.png\",\"contentUrl\":\"https:\/\/www.pompes-funebres-santilly.com\/wp-content\/uploads\/2019\/12\/logo-1.png\",\"width\":433,\"height\":115,\"caption\":\"LCF Santilly\"},\"image\":{\"@id\":\"https:\/\/www.pompes-funebres-santilly.com\/fr\/#\/schema\/logo\/image\/\"}}]}<\/script>\n<!-- \/ Yoast SEO plugin. -->","yoast_head_json":{"title":"Monsieur Maurice NOUBEL - Pompes Fun\u00e8bres Santilly","robots":{"index":"index","follow":"follow","max-snippet":"max-snippet:-1","max-image-preview":"max-image-preview:large","max-video-preview":"max-video-preview:-1"},"canonical":"https:\/\/www.pompes-funebres-santilly.com\/fr\/avis-de-deces\/monsieur-maurice-noubel\/","og_locale":"fr_FR","og_type":"article","og_title":"Monsieur Maurice NOUBEL - Pompes Fun\u00e8bres Santilly","og_url":"https:\/\/www.pompes-funebres-santilly.com\/fr\/avis-de-deces\/monsieur-maurice-noubel\/","og_site_name":"Pompes Fun\u00e8bres Santilly","article_modified_time":"2025-12-23T10:25:23+00:00","og_image":[{"width":768,"height":513,"url":"https:\/\/www.pompes-funebres-santilly.com\/wp-content\/uploads\/2022\/11\/AVIS-DECES.jpg","type":"image\/jpeg"}],"twitter_card":"summary_large_image","schema":{"@context":"https:\/\/schema.org","@graph":[{"@type":"WebPage","@id":"https:\/\/www.pompes-funebres-santilly.com\/fr\/avis-de-deces\/monsieur-maurice-noubel\/","url":"https:\/\/www.pompes-funebres-santilly.com\/fr\/avis-de-deces\/monsieur-maurice-noubel\/","name":"Monsieur Maurice NOUBEL - Pompes Fun\u00e8bres Santilly","isPartOf":{"@id":"https:\/\/www.pompes-funebres-santilly.com\/fr\/#website"},"primaryImageOfPage":{"@id":"https:\/\/www.pompes-funebres-santilly.com\/fr\/avis-de-deces\/monsieur-maurice-noubel\/#primaryimage"},"image":{"@id":"https:\/\/www.pompes-funebres-santilly.com\/fr\/avis-de-deces\/monsieur-maurice-noubel\/#primaryimage"},"thumbnailUrl":"https:\/\/www.pompes-funebres-santilly.com\/wp-content\/uploads\/2022\/11\/AVIS-DECES.jpg","datePublished":"2025-12-03T12:34:09+00:00","dateModified":"2025-12-23T10:25:23+00:00","breadcrumb":{"@id":"https:\/\/www.pompes-funebres-santilly.com\/fr\/avis-de-deces\/monsieur-maurice-noubel\/#breadcrumb"},"inLanguage":"fr-FR","potentialAction":[{"@type":"ReadAction","target":["https:\/\/www.pompes-funebres-santilly.com\/fr\/avis-de-deces\/monsieur-maurice-noubel\/"]}]},{"@type":"ImageObject","inLanguage":"fr-FR","@id":"https:\/\/www.pompes-funebres-santilly.com\/fr\/avis-de-deces\/monsieur-maurice-noubel\/#primaryimage","url":"https:\/\/www.pompes-funebres-santilly.com\/wp-content\/uploads\/2022\/11\/AVIS-DECES.jpg","contentUrl":"https:\/\/www.pompes-funebres-santilly.com\/wp-content\/uploads\/2022\/11\/AVIS-DECES.jpg","width":768,"height":513},{"@type":"BreadcrumbList","@id":"https:\/\/www.pompes-funebres-santilly.com\/fr\/avis-de-deces\/monsieur-maurice-noubel\/#breadcrumb","itemListElement":[{"@type":"ListItem","position":1,"name":"Accueil","item":"https:\/\/www.pompes-funebres-santilly.com\/fr\/"},{"@type":"ListItem","position":2,"name":"Monsieur Maurice NOUBEL"}]},{"@type":"WebSite","@id":"https:\/\/www.pompes-funebres-santilly.com\/fr\/#website","url":"https:\/\/www.pompes-funebres-santilly.com\/fr\/","name":"Pompes Fun\u00e8bres Santilly","description":"","publisher":{"@id":"https:\/\/www.pompes-funebres-santilly.com\/fr\/#organization"},"potentialAction":[{"@type":"SearchAction","target":{"@type":"EntryPoint","urlTemplate":"https:\/\/www.pompes-funebres-santilly.com\/fr\/?s={search_term_string}"},"query-input":{"@type":"PropertyValueSpecification","valueRequired":true,"valueName":"search_term_string"}}],"inLanguage":"fr-FR"},{"@type":"Organization","@id":"https:\/\/www.pompes-funebres-santilly.com\/fr\/#organization","name":"LCF Santilly","url":"https:\/\/www.pompes-funebres-santilly.com\/fr\/","logo":{"@type":"ImageObject","inLanguage":"fr-FR","@id":"https:\/\/www.pompes-funebres-santilly.com\/fr\/#\/schema\/logo\/image\/","url":"https:\/\/www.pompes-funebres-santilly.com\/wp-content\/uploads\/2019\/12\/logo-1.png","contentUrl":"https:\/\/www.pompes-funebres-santilly.com\/wp-content\/uploads\/2019\/12\/logo-1.png","width":433,"height":115,"caption":"LCF Santilly"},"image":{"@id":"https:\/\/www.pompes-funebres-santilly.com\/fr\/#\/schema\/logo\/image\/"}}]}},"_links":{"self":[{"href":"https:\/\/www.pompes-funebres-santilly.com\/fr\/wp-json\/wp\/v2\/avis_deces\/37181","targetHints":{"allow":["GET"]}}],"collection":[{"href":"https:\/\/www.pompes-funebres-santilly.com\/fr\/wp-json\/wp\/v2\/avis_deces"}],"about":[{"href":"https:\/\/www.pompes-funebres-santilly.com\/fr\/wp-json\/wp\/v2\/types\/avis_deces"}],"wp:featuredmedia":[{"embeddable":true,"href":"https:\/\/www.pompes-funebres-santilly.com\/fr\/wp-json\/wp\/v2\/media\/31070"}],"wp:attachment":[{"href":"https:\/\/www.pompes-funebres-santilly.com\/fr\/wp-json\/wp\/v2\/media?parent=37181"}],"wp:term":[{"taxonomy":"deces_departement","embeddable":true,"href":"https:\/\/www.pompes-funebres-santilly.com\/fr\/wp-json\/wp\/v2\/deces_departement?post=37181"},{"taxonomy":"deces_commune","embeddable":true,"href":"https:\/\/www.pompes-funebres-santilly.com\/fr\/wp-json\/wp\/v2\/deces_commune?post=37181"},{"taxonomy":"deces_publication","embeddable":true,"href":"https:\/\/www.pompes-funebres-santilly.com\/fr\/wp-json\/wp\/v2\/deces_publication?post=37181"}],"curies":[{"name":"wp","href":"https:\/\/api.w.org\/{rel}","templated":true}]}}

son épouse,

Véronique FILIPPA,

ses arrière-petits-enfants,

ont la tristesse de vous faire part du décès de Monsieur Maurice NOUBEL

<p style="text-align: center;">La mise en bière aura lieu à la chambre funéraire de Lamorlaye</p>
<p style="text-align: center;"><strong>le vendredi 31 octobre à 14 heures.</strong></p>
<p style="text-align: center;"><em>(28 rue de la Seigneurie – 60260 Lamorlaye)</em></p>
<p style="text-align: center;">
<p style="text-align: center;">La cérémonie religieuse se déroulera en la chapelle de Baillon</p>
<p style="text-align: center;"><strong>le vendredi 31 octobre à 15 heures.</strong></p>
<p style="text-align: center;"><em>(1B Pl. Jules Gautier &#8211; 95270 Asnières-sur-Oise)</em></p>
<p style="text-align: center;">
<p style="text-align: center;">Suivie de son inhumation au cimetière de Baillon</p>
<p style="text-align: center;"><strong>le même jour à 16 heures</strong>.</p>
<p style="text-align: center;"><em>(Rue Santiago Soulas – 95270 Asnières-sur-Oise)</em></p>
<p>&nbsp;</p>

<!-- This site is optimized with the Yoast SEO plugin v26.5 - https://yoast.com/wordpress/plugins/seo/ -->
<title>Monsieur Maurice NOUBEL - Pompes Funèbres Santilly</title>
<meta name="robots" content="index, follow, max-snippet:-1, max-image-preview:large, max-video-preview:-1" />
<link rel="canonical" href="https://www.pompes-funebres-santilly.com/fr/avis-de-deces/monsieur-maurice-noubel/" />
<meta property="og:locale" content="fr_FR" />
<meta property="og:type" content="article" />
<meta property="og:title" content="Monsieur Maurice NOUBEL - Pompes Funèbres Santilly" />
<meta property="og:url" content="https://www.pompes-funebres-santilly.com/fr/avis-de-deces/monsieur-maurice-noubel/" />
<meta property="og:site_name" content="Pompes Funèbres Santilly" />
<meta property="article:modified_time" content="2025-12-23T10:25:23+00:00" />
<meta property="og:image" content="https://www.pompes-funebres-santilly.com/wp-content/uploads/2022/11/AVIS-DECES.jpg" />
	<meta property="og:image:width" content="768" />
	<meta property="og:image:height" content="513" />
	<meta property="og:image:type" content="image/jpeg" />
<meta name="twitter:card" content="summary_large_image" />
<script type="application/ld+json" class="yoast-schema-graph">{"@context":"https://schema.org","@graph":[{"@type":"WebPage","@id":"https://www.pompes-funebres-santilly.com/fr/avis-de-deces/monsieur-maurice-noubel/","url":"https://www.pompes-funebres-santilly.com/fr/avis-de-deces/monsieur-maurice-noubel/","name":"Monsieur Maurice NOUBEL - Pompes Funèbres Santilly","isPartOf":{"@id":"https://www.pompes-funebres-santilly.com/fr/#website"},"primaryImageOfPage":{"@id":"https://www.pompes-funebres-santilly.com/fr/avis-de-deces/monsieur-maurice-noubel/#primaryimage"},"image":{"@id":"https://www.pompes-funebres-santilly.com/fr/avis-de-deces/monsieur-maurice-noubel/#primaryimage"},"thumbnailUrl":"https://www.pompes-funebres-santilly.com/wp-content/uploads/2022/11/AVIS-DECES.jpg","datePublished":"2025-12-03T12:34:09+00:00","dateModified":"2025-12-23T10:25:23+00:00","breadcrumb":{"@id":"https://www.pompes-funebres-santilly.com/fr/avis-de-deces/monsieur-maurice-noubel/#breadcrumb"},"inLanguage":"fr-FR","potentialAction":[{"@type":"ReadAction","target":["https://www.pompes-funebres-santilly.com/fr/avis-de-deces/monsieur-maurice-noubel/"]}]},{"@type":"ImageObject","inLanguage":"fr-FR","@id":"https://www.pompes-funebres-santilly.com/fr/avis-de-deces/monsieur-maurice-noubel/#primaryimage","url":"https://www.pompes-funebres-santilly.com/wp-content/uploads/2022/11/AVIS-DECES.jpg","contentUrl":"https://www.pompes-funebres-santilly.com/wp-content/uploads/2022/11/AVIS-DECES.jpg","width":768,"height":513},{"@type":"BreadcrumbList","@id":"https://www.pompes-funebres-santilly.com/fr/avis-de-deces/monsieur-maurice-noubel/#breadcrumb","itemListElement":[{"@type":"ListItem","position":1,"name":"Accueil","item":"https://www.pompes-funebres-santilly.com/fr/"},{"@type":"ListItem","position":2,"name":"Monsieur Maurice NOUBEL"}]},{"@type":"WebSite","@id":"https://www.pompes-funebres-santilly.com/fr/#website","url":"https://www.pompes-funebres-santilly.com/fr/","name":"Pompes Funèbres Santilly","description":"","publisher":{"@id":"https://www.pompes-funebres-santilly.com/fr/#organization"},"potentialAction":[{"@type":"SearchAction","target":{"@type":"EntryPoint","urlTemplate":"https://www.pompes-funebres-santilly.com/fr/?s={search_term_string}"},"query-input":{"@type":"PropertyValueSpecification","valueRequired":true,"valueName":"search_term_string"}}],"inLanguage":"fr-FR"},{"@type":"Organization","@id":"https://www.pompes-funebres-santilly.com/fr/#organization","name":"LCF Santilly","url":"https://www.pompes-funebres-santilly.com/fr/","logo":{"@type":"ImageObject","inLanguage":"fr-FR","@id":"https://www.pompes-funebres-santilly.com/fr/#/schema/logo/image/","url":"https://www.pompes-funebres-santilly.com/wp-content/uploads/2019/12/logo-1.png","contentUrl":"https://www.pompes-funebres-santilly.com/wp-content/uploads/2019/12/logo-1.png","width":433,"height":115,"caption":"LCF Santilly"},"image":{"@id":"https://www.pompes-funebres-santilly.com/fr/#/schema/logo/image/"}}]}</script>
<!-- / Yoast SEO plugin. -->

Monsieur Maurice NOUBEL - Pompes Funèbres Santilly

Pompes Funèbres Santilly
