{"id":36447,"date":"2025-05-26T08:18:00","date_gmt":"2025-05-26T06:18:00","guid":{"rendered":"https:\/\/www.pompes-funebres-santilly.com\/fr\/?post_type=avis_deces&#038;p=36447"},"modified":"2025-05-26T08:18:03","modified_gmt":"2025-05-26T06:18:03","slug":"monsieur-bernard-jeannes","status":"publish","type":"avis_deces","link":"https:\/\/www.pompes-funebres-santilly.com\/fr\/avis-de-deces\/monsieur-bernard-jeannes\/","title":{"rendered":"Monsieur Bernard JEANN\u00c8S"},"content":{"rendered":"","protected":false},"excerpt":{"rendered":"","protected":false},"featured_media":31070,"template":"","meta":{"_acf_changed":false},"deces_departement":[459],"deces_commune":[592],"deces_publication":[],"class_list":["post-36447","avis_deces","type-avis_deces","status-publish","has-post-thumbnail","hentry","deces_departement-oise","deces_commune-senlis"],"acf":{"age_du_defunt":"75","date_de_deces":"2025-05-23","code_postal":"60300","maiden_name":"","deceased_photography":30824,"relatives":[{"lastnames_firstnames":[{"line":"Annick JEANN\u00c8S, "}],"relationship":"son \u00e9pouse,"},{"lastnames_firstnames":[{"line":"Christian JEANN\u00c8S,"}],"relationship":"son fils,"},{"lastnames_firstnames":[{"line":"Luc HERMET, "}],"relationship":"son beau-fr\u00e8re,"}],"announcement":"ont la tristesse de vous faire part du rappel \u00e0 Dieu le 23 mai 2025 de leur regrett\u00e9 Bernard JEANN\u00c8S\r\n","funeral":"<h3 style=\"text-align: center;\">Des visites peuvent lui \u00eatre rendues au fun\u00e9rarium de<\/h3>\n<p style=\"text-align: center;\">Lamorlaye sur rendez-vous <strong>03.44.99.08.79.<\/strong><\/p>\n<p style=\"text-align: center;\"><em>(28 rue de la Seigneurie \u2013 60260 Lamorlaye)<\/em><\/p>\n<h3 style=\"text-align: center;\">La mise en bi\u00e8re aura lieu \u00e0 la chambre fun\u00e9raire de Lamorlaye<\/h3>\n<p style=\"text-align: center;\"><strong>le lundi 2 juin 2025 \u00e0 9 heures.<\/strong><\/p>\n<p style=\"text-align: center;\"><em>(28 rue de la Seigneurie \u2013 60260 Lamorlaye)<\/em><\/p>\n<h3 style=\"text-align: center;\">La c\u00e9r\u00e9monie religieuse se d\u00e9roulera en l\u2019\u00e9glise de Lamorlaye<\/h3>\n<p style=\"text-align: center;\"><strong>le lundi 2 juin 2025 \u00e0 10 heures.<\/strong><\/p>\n<p style=\"text-align: center;\"><em>(rue de l\u2019\u00e9glise \u2013 60260 Lamorlaye)<\/em><\/p>\n<h3 style=\"text-align: center;\">La cr\u00e9mation se fera le m\u00eame jour au cr\u00e9matorium<\/h3>\n<p style=\"text-align: center;\">de Nogent-sur-Oise <strong>\u00e0 15 heures. <\/strong><\/p>\n<p style=\"text-align: center;\"><em>(27 Rue Saint-Jean &#8211; 60180 Nogent-sur-Oise)<\/em><\/p>\n<p style=\"text-align: center;\">Bernard reposera dans le caveau de famille au cimeti\u00e8re de Lamorlaye.<\/p>\n<p style=\"text-align: center;\"><strong><em>\u00ab\u00a0Des fleurs naturelles pourront l\u2019accompagner. \u00bb<\/em><\/strong><\/p>\n<p>&nbsp;<\/p>\n"},"yoast_head":"<!-- This site is optimized with the Yoast SEO plugin v26.5 - https:\/\/yoast.com\/wordpress\/plugins\/seo\/ -->\n<title>Monsieur Bernard JEANN\u00c8S - Pompes Fun\u00e8bres Santilly<\/title>\n<meta name=\"robots\" content=\"index, follow, max-snippet:-1, max-image-preview:large, max-video-preview:-1\" \/>\n<link rel=\"canonical\" href=\"https:\/\/www.pompes-funebres-santilly.com\/fr\/avis-de-deces\/monsieur-bernard-jeannes\/\" \/>\n<meta property=\"og:locale\" content=\"fr_FR\" \/>\n<meta property=\"og:type\" content=\"article\" \/>\n<meta property=\"og:title\" content=\"Monsieur Bernard JEANN\u00c8S - Pompes Fun\u00e8bres Santilly\" \/>\n<meta property=\"og:url\" content=\"https:\/\/www.pompes-funebres-santilly.com\/fr\/avis-de-deces\/monsieur-bernard-jeannes\/\" \/>\n<meta property=\"og:site_name\" content=\"Pompes Fun\u00e8bres Santilly\" \/>\n<meta property=\"article:modified_time\" content=\"2025-05-26T06:18:03+00:00\" \/>\n<meta property=\"og:image\" content=\"https:\/\/www.pompes-funebres-santilly.com\/wp-content\/uploads\/2022\/11\/AVIS-DECES.jpg\" \/>\n\t<meta property=\"og:image:width\" content=\"768\" \/>\n\t<meta property=\"og:image:height\" content=\"513\" \/>\n\t<meta property=\"og:image:type\" content=\"image\/jpeg\" \/>\n<meta name=\"twitter:card\" content=\"summary_large_image\" \/>\n<script type=\"application\/ld+json\" class=\"yoast-schema-graph\">{\"@context\":\"https:\/\/schema.org\",\"@graph\":[{\"@type\":\"WebPage\",\"@id\":\"https:\/\/www.pompes-funebres-santilly.com\/fr\/avis-de-deces\/monsieur-bernard-jeannes\/\",\"url\":\"https:\/\/www.pompes-funebres-santilly.com\/fr\/avis-de-deces\/monsieur-bernard-jeannes\/\",\"name\":\"Monsieur Bernard JEANN\u00c8S - Pompes Fun\u00e8bres Santilly\",\"isPartOf\":{\"@id\":\"https:\/\/www.pompes-funebres-santilly.com\/fr\/#website\"},\"primaryImageOfPage\":{\"@id\":\"https:\/\/www.pompes-funebres-santilly.com\/fr\/avis-de-deces\/monsieur-bernard-jeannes\/#primaryimage\"},\"image\":{\"@id\":\"https:\/\/www.pompes-funebres-santilly.com\/fr\/avis-de-deces\/monsieur-bernard-jeannes\/#primaryimage\"},\"thumbnailUrl\":\"https:\/\/www.pompes-funebres-santilly.com\/wp-content\/uploads\/2022\/11\/AVIS-DECES.jpg\",\"datePublished\":\"2025-05-26T06:18:00+00:00\",\"dateModified\":\"2025-05-26T06:18:03+00:00\",\"breadcrumb\":{\"@id\":\"https:\/\/www.pompes-funebres-santilly.com\/fr\/avis-de-deces\/monsieur-bernard-jeannes\/#breadcrumb\"},\"inLanguage\":\"fr-FR\",\"potentialAction\":[{\"@type\":\"ReadAction\",\"target\":[\"https:\/\/www.pompes-funebres-santilly.com\/fr\/avis-de-deces\/monsieur-bernard-jeannes\/\"]}]},{\"@type\":\"ImageObject\",\"inLanguage\":\"fr-FR\",\"@id\":\"https:\/\/www.pompes-funebres-santilly.com\/fr\/avis-de-deces\/monsieur-bernard-jeannes\/#primaryimage\",\"url\":\"https:\/\/www.pompes-funebres-santilly.com\/wp-content\/uploads\/2022\/11\/AVIS-DECES.jpg\",\"contentUrl\":\"https:\/\/www.pompes-funebres-santilly.com\/wp-content\/uploads\/2022\/11\/AVIS-DECES.jpg\",\"width\":768,\"height\":513},{\"@type\":\"BreadcrumbList\",\"@id\":\"https:\/\/www.pompes-funebres-santilly.com\/fr\/avis-de-deces\/monsieur-bernard-jeannes\/#breadcrumb\",\"itemListElement\":[{\"@type\":\"ListItem\",\"position\":1,\"name\":\"Accueil\",\"item\":\"https:\/\/www.pompes-funebres-santilly.com\/fr\/\"},{\"@type\":\"ListItem\",\"position\":2,\"name\":\"Monsieur Bernard JEANN\u00c8S\"}]},{\"@type\":\"WebSite\",\"@id\":\"https:\/\/www.pompes-funebres-santilly.com\/fr\/#website\",\"url\":\"https:\/\/www.pompes-funebres-santilly.com\/fr\/\",\"name\":\"Pompes Fun\u00e8bres Santilly\",\"description\":\"\",\"publisher\":{\"@id\":\"https:\/\/www.pompes-funebres-santilly.com\/fr\/#organization\"},\"potentialAction\":[{\"@type\":\"SearchAction\",\"target\":{\"@type\":\"EntryPoint\",\"urlTemplate\":\"https:\/\/www.pompes-funebres-santilly.com\/fr\/?s={search_term_string}\"},\"query-input\":{\"@type\":\"PropertyValueSpecification\",\"valueRequired\":true,\"valueName\":\"search_term_string\"}}],\"inLanguage\":\"fr-FR\"},{\"@type\":\"Organization\",\"@id\":\"https:\/\/www.pompes-funebres-santilly.com\/fr\/#organization\",\"name\":\"LCF Santilly\",\"url\":\"https:\/\/www.pompes-funebres-santilly.com\/fr\/\",\"logo\":{\"@type\":\"ImageObject\",\"inLanguage\":\"fr-FR\",\"@id\":\"https:\/\/www.pompes-funebres-santilly.com\/fr\/#\/schema\/logo\/image\/\",\"url\":\"https:\/\/www.pompes-funebres-santilly.com\/wp-content\/uploads\/2019\/12\/logo-1.png\",\"contentUrl\":\"https:\/\/www.pompes-funebres-santilly.com\/wp-content\/uploads\/2019\/12\/logo-1.png\",\"width\":433,\"height\":115,\"caption\":\"LCF Santilly\"},\"image\":{\"@id\":\"https:\/\/www.pompes-funebres-santilly.com\/fr\/#\/schema\/logo\/image\/\"}}]}<\/script>\n<!-- \/ Yoast SEO plugin. -->","yoast_head_json":{"title":"Monsieur Bernard JEANN\u00c8S - Pompes Fun\u00e8bres Santilly","robots":{"index":"index","follow":"follow","max-snippet":"max-snippet:-1","max-image-preview":"max-image-preview:large","max-video-preview":"max-video-preview:-1"},"canonical":"https:\/\/www.pompes-funebres-santilly.com\/fr\/avis-de-deces\/monsieur-bernard-jeannes\/","og_locale":"fr_FR","og_type":"article","og_title":"Monsieur Bernard JEANN\u00c8S - Pompes Fun\u00e8bres Santilly","og_url":"https:\/\/www.pompes-funebres-santilly.com\/fr\/avis-de-deces\/monsieur-bernard-jeannes\/","og_site_name":"Pompes Fun\u00e8bres Santilly","article_modified_time":"2025-05-26T06:18:03+00:00","og_image":[{"width":768,"height":513,"url":"https:\/\/www.pompes-funebres-santilly.com\/wp-content\/uploads\/2022\/11\/AVIS-DECES.jpg","type":"image\/jpeg"}],"twitter_card":"summary_large_image","schema":{"@context":"https:\/\/schema.org","@graph":[{"@type":"WebPage","@id":"https:\/\/www.pompes-funebres-santilly.com\/fr\/avis-de-deces\/monsieur-bernard-jeannes\/","url":"https:\/\/www.pompes-funebres-santilly.com\/fr\/avis-de-deces\/monsieur-bernard-jeannes\/","name":"Monsieur Bernard JEANN\u00c8S - Pompes Fun\u00e8bres Santilly","isPartOf":{"@id":"https:\/\/www.pompes-funebres-santilly.com\/fr\/#website"},"primaryImageOfPage":{"@id":"https:\/\/www.pompes-funebres-santilly.com\/fr\/avis-de-deces\/monsieur-bernard-jeannes\/#primaryimage"},"image":{"@id":"https:\/\/www.pompes-funebres-santilly.com\/fr\/avis-de-deces\/monsieur-bernard-jeannes\/#primaryimage"},"thumbnailUrl":"https:\/\/www.pompes-funebres-santilly.com\/wp-content\/uploads\/2022\/11\/AVIS-DECES.jpg","datePublished":"2025-05-26T06:18:00+00:00","dateModified":"2025-05-26T06:18:03+00:00","breadcrumb":{"@id":"https:\/\/www.pompes-funebres-santilly.com\/fr\/avis-de-deces\/monsieur-bernard-jeannes\/#breadcrumb"},"inLanguage":"fr-FR","potentialAction":[{"@type":"ReadAction","target":["https:\/\/www.pompes-funebres-santilly.com\/fr\/avis-de-deces\/monsieur-bernard-jeannes\/"]}]},{"@type":"ImageObject","inLanguage":"fr-FR","@id":"https:\/\/www.pompes-funebres-santilly.com\/fr\/avis-de-deces\/monsieur-bernard-jeannes\/#primaryimage","url":"https:\/\/www.pompes-funebres-santilly.com\/wp-content\/uploads\/2022\/11\/AVIS-DECES.jpg","contentUrl":"https:\/\/www.pompes-funebres-santilly.com\/wp-content\/uploads\/2022\/11\/AVIS-DECES.jpg","width":768,"height":513},{"@type":"BreadcrumbList","@id":"https:\/\/www.pompes-funebres-santilly.com\/fr\/avis-de-deces\/monsieur-bernard-jeannes\/#breadcrumb","itemListElement":[{"@type":"ListItem","position":1,"name":"Accueil","item":"https:\/\/www.pompes-funebres-santilly.com\/fr\/"},{"@type":"ListItem","position":2,"name":"Monsieur Bernard JEANN\u00c8S"}]},{"@type":"WebSite","@id":"https:\/\/www.pompes-funebres-santilly.com\/fr\/#website","url":"https:\/\/www.pompes-funebres-santilly.com\/fr\/","name":"Pompes Fun\u00e8bres Santilly","description":"","publisher":{"@id":"https:\/\/www.pompes-funebres-santilly.com\/fr\/#organization"},"potentialAction":[{"@type":"SearchAction","target":{"@type":"EntryPoint","urlTemplate":"https:\/\/www.pompes-funebres-santilly.com\/fr\/?s={search_term_string}"},"query-input":{"@type":"PropertyValueSpecification","valueRequired":true,"valueName":"search_term_string"}}],"inLanguage":"fr-FR"},{"@type":"Organization","@id":"https:\/\/www.pompes-funebres-santilly.com\/fr\/#organization","name":"LCF Santilly","url":"https:\/\/www.pompes-funebres-santilly.com\/fr\/","logo":{"@type":"ImageObject","inLanguage":"fr-FR","@id":"https:\/\/www.pompes-funebres-santilly.com\/fr\/#\/schema\/logo\/image\/","url":"https:\/\/www.pompes-funebres-santilly.com\/wp-content\/uploads\/2019\/12\/logo-1.png","contentUrl":"https:\/\/www.pompes-funebres-santilly.com\/wp-content\/uploads\/2019\/12\/logo-1.png","width":433,"height":115,"caption":"LCF Santilly"},"image":{"@id":"https:\/\/www.pompes-funebres-santilly.com\/fr\/#\/schema\/logo\/image\/"}}]}},"_links":{"self":[{"href":"https:\/\/www.pompes-funebres-santilly.com\/fr\/wp-json\/wp\/v2\/avis_deces\/36447","targetHints":{"allow":["GET"]}}],"collection":[{"href":"https:\/\/www.pompes-funebres-santilly.com\/fr\/wp-json\/wp\/v2\/avis_deces"}],"about":[{"href":"https:\/\/www.pompes-funebres-santilly.com\/fr\/wp-json\/wp\/v2\/types\/avis_deces"}],"wp:featuredmedia":[{"embeddable":true,"href":"https:\/\/www.pompes-funebres-santilly.com\/fr\/wp-json\/wp\/v2\/media\/31070"}],"wp:attachment":[{"href":"https:\/\/www.pompes-funebres-santilly.com\/fr\/wp-json\/wp\/v2\/media?parent=36447"}],"wp:term":[{"taxonomy":"deces_departement","embeddable":true,"href":"https:\/\/www.pompes-funebres-santilly.com\/fr\/wp-json\/wp\/v2\/deces_departement?post=36447"},{"taxonomy":"deces_commune","embeddable":true,"href":"https:\/\/www.pompes-funebres-santilly.com\/fr\/wp-json\/wp\/v2\/deces_commune?post=36447"},{"taxonomy":"deces_publication","embeddable":true,"href":"https:\/\/www.pompes-funebres-santilly.com\/fr\/wp-json\/wp\/v2\/deces_publication?post=36447"}],"curies":[{"name":"wp","href":"https:\/\/api.w.org\/{rel}","templated":true}]}}

Monsieur Bernard JEANNÈS

Annick JEANNÈS,

son épouse,

Christian JEANNÈS,

son beau-frère,

ont la tristesse de vous faire part du rappel à Dieu le 23 mai 2025 de leur regretté Bernard JEANNÈS

<h3 style="text-align: center;">Des visites peuvent lui être rendues au funérarium de</h3>
<p style="text-align: center;">Lamorlaye sur rendez-vous <strong>03.44.99.08.79.</strong></p>
<p style="text-align: center;"><em>(28 rue de la Seigneurie – 60260 Lamorlaye)</em></p>
<h3 style="text-align: center;">La mise en bière aura lieu à la chambre funéraire de Lamorlaye</h3>
<p style="text-align: center;"><strong>le lundi 2 juin 2025 à 9 heures.</strong></p>
<p style="text-align: center;"><em>(28 rue de la Seigneurie – 60260 Lamorlaye)</em></p>
<h3 style="text-align: center;">La cérémonie religieuse se déroulera en l’église de Lamorlaye</h3>
<p style="text-align: center;"><strong>le lundi 2 juin 2025 à 10 heures.</strong></p>
<p style="text-align: center;"><em>(rue de l’église – 60260 Lamorlaye)</em></p>
<h3 style="text-align: center;">La crémation se fera le même jour au crématorium</h3>
<p style="text-align: center;">de Nogent-sur-Oise <strong>à 15 heures. </strong></p>
<p style="text-align: center;"><em>(27 Rue Saint-Jean &#8211; 60180 Nogent-sur-Oise)</em></p>
<p style="text-align: center;">Bernard reposera dans le caveau de famille au cimetière de Lamorlaye.</p>
<p style="text-align: center;"><strong><em>« Des fleurs naturelles pourront l’accompagner. »</em></strong></p>
<p>&nbsp;</p>

<!-- This site is optimized with the Yoast SEO plugin v26.5 - https://yoast.com/wordpress/plugins/seo/ -->
<title>Monsieur Bernard JEANNÈS - Pompes Funèbres Santilly</title>
<meta name="robots" content="index, follow, max-snippet:-1, max-image-preview:large, max-video-preview:-1" />
<link rel="canonical" href="https://www.pompes-funebres-santilly.com/fr/avis-de-deces/monsieur-bernard-jeannes/" />
<meta property="og:locale" content="fr_FR" />
<meta property="og:type" content="article" />
<meta property="og:title" content="Monsieur Bernard JEANNÈS - Pompes Funèbres Santilly" />
<meta property="og:url" content="https://www.pompes-funebres-santilly.com/fr/avis-de-deces/monsieur-bernard-jeannes/" />
<meta property="og:site_name" content="Pompes Funèbres Santilly" />
<meta property="article:modified_time" content="2025-05-26T06:18:03+00:00" />
<meta property="og:image" content="https://www.pompes-funebres-santilly.com/wp-content/uploads/2022/11/AVIS-DECES.jpg" />
	<meta property="og:image:width" content="768" />
	<meta property="og:image:height" content="513" />
	<meta property="og:image:type" content="image/jpeg" />
<meta name="twitter:card" content="summary_large_image" />
<script type="application/ld+json" class="yoast-schema-graph">{"@context":"https://schema.org","@graph":[{"@type":"WebPage","@id":"https://www.pompes-funebres-santilly.com/fr/avis-de-deces/monsieur-bernard-jeannes/","url":"https://www.pompes-funebres-santilly.com/fr/avis-de-deces/monsieur-bernard-jeannes/","name":"Monsieur Bernard JEANNÈS - Pompes Funèbres Santilly","isPartOf":{"@id":"https://www.pompes-funebres-santilly.com/fr/#website"},"primaryImageOfPage":{"@id":"https://www.pompes-funebres-santilly.com/fr/avis-de-deces/monsieur-bernard-jeannes/#primaryimage"},"image":{"@id":"https://www.pompes-funebres-santilly.com/fr/avis-de-deces/monsieur-bernard-jeannes/#primaryimage"},"thumbnailUrl":"https://www.pompes-funebres-santilly.com/wp-content/uploads/2022/11/AVIS-DECES.jpg","datePublished":"2025-05-26T06:18:00+00:00","dateModified":"2025-05-26T06:18:03+00:00","breadcrumb":{"@id":"https://www.pompes-funebres-santilly.com/fr/avis-de-deces/monsieur-bernard-jeannes/#breadcrumb"},"inLanguage":"fr-FR","potentialAction":[{"@type":"ReadAction","target":["https://www.pompes-funebres-santilly.com/fr/avis-de-deces/monsieur-bernard-jeannes/"]}]},{"@type":"ImageObject","inLanguage":"fr-FR","@id":"https://www.pompes-funebres-santilly.com/fr/avis-de-deces/monsieur-bernard-jeannes/#primaryimage","url":"https://www.pompes-funebres-santilly.com/wp-content/uploads/2022/11/AVIS-DECES.jpg","contentUrl":"https://www.pompes-funebres-santilly.com/wp-content/uploads/2022/11/AVIS-DECES.jpg","width":768,"height":513},{"@type":"BreadcrumbList","@id":"https://www.pompes-funebres-santilly.com/fr/avis-de-deces/monsieur-bernard-jeannes/#breadcrumb","itemListElement":[{"@type":"ListItem","position":1,"name":"Accueil","item":"https://www.pompes-funebres-santilly.com/fr/"},{"@type":"ListItem","position":2,"name":"Monsieur Bernard JEANNÈS"}]},{"@type":"WebSite","@id":"https://www.pompes-funebres-santilly.com/fr/#website","url":"https://www.pompes-funebres-santilly.com/fr/","name":"Pompes Funèbres Santilly","description":"","publisher":{"@id":"https://www.pompes-funebres-santilly.com/fr/#organization"},"potentialAction":[{"@type":"SearchAction","target":{"@type":"EntryPoint","urlTemplate":"https://www.pompes-funebres-santilly.com/fr/?s={search_term_string}"},"query-input":{"@type":"PropertyValueSpecification","valueRequired":true,"valueName":"search_term_string"}}],"inLanguage":"fr-FR"},{"@type":"Organization","@id":"https://www.pompes-funebres-santilly.com/fr/#organization","name":"LCF Santilly","url":"https://www.pompes-funebres-santilly.com/fr/","logo":{"@type":"ImageObject","inLanguage":"fr-FR","@id":"https://www.pompes-funebres-santilly.com/fr/#/schema/logo/image/","url":"https://www.pompes-funebres-santilly.com/wp-content/uploads/2019/12/logo-1.png","contentUrl":"https://www.pompes-funebres-santilly.com/wp-content/uploads/2019/12/logo-1.png","width":433,"height":115,"caption":"LCF Santilly"},"image":{"@id":"https://www.pompes-funebres-santilly.com/fr/#/schema/logo/image/"}}]}</script>
<!-- / Yoast SEO plugin. -->

Monsieur Bernard JEANNÈS - Pompes Funèbres Santilly

Pompes Funèbres Santilly
