{"id":35871,"date":"2025-01-27T14:37:45","date_gmt":"2025-01-27T13:37:45","guid":{"rendered":"https:\/\/www.pompes-funebres-santilly.com\/fr\/?post_type=avis_deces&#038;p=35871"},"modified":"2025-01-27T14:37:49","modified_gmt":"2025-01-27T13:37:49","slug":"monsieur-claudio-dascenzo","status":"publish","type":"avis_deces","link":"https:\/\/www.pompes-funebres-santilly.com\/fr\/avis-de-deces\/monsieur-claudio-dascenzo\/","title":{"rendered":"Monsieur Claudio D&rsquo;ASCENZO"},"content":{"rendered":"","protected":false},"excerpt":{"rendered":"","protected":false},"featured_media":0,"template":"","meta":{"_acf_changed":false},"deces_departement":[463],"deces_commune":[583],"deces_publication":[],"class_list":["post-35871","avis_deces","type-avis_deces","status-publish","hentry","deces_departement-hauts-de-seine","deces_commune-gennevilliers"],"acf":{"age_du_defunt":"84","date_de_deces":"2024-11-24","code_postal":"92230","maiden_name":"","deceased_photography":30824,"relatives":false,"announcement":"Toute la famille ont la douleur de vous faire part du d\u00e9c\u00e8s de Monsieur Claudio D'ASCENZO","funeral":"<h2 style=\"text-align: center;\">Le mercredi 04 d\u00e9cembre 2024<\/h2>\n<p style=\"text-align: center;\"><strong>Le recueillement aura lieu \u00e0 13h00<\/strong><br \/>\nau Fun\u00e9rarium de Pantin<br \/>\n<em>(10 rue des Pommiers \u2013 93500 Pantin).<\/em><\/p>\n<p style=\"text-align: center;\"><strong>La c\u00e9r\u00e9monie se tiendra \u00e0 14h30<\/strong><br \/>\nen l\u2019\u00c9glise Sainte-Marie-Madeleine<br \/>\n<em>\u00e0 Gennevilliers,<\/em><\/p>\n<p style=\"text-align: center;\"><strong>Suivie de l\u2019inhumation \u00e0 15h45<\/strong><br \/>\nau Cimeti\u00e8re de Gennevilliers<\/p>\n<hr \/>\n<p>Clair et bien pr\u00e9sent\u00e9. \ud83d\ude0a<\/p>\n"},"yoast_head":"<!-- This site is optimized with the Yoast SEO plugin v26.5 - https:\/\/yoast.com\/wordpress\/plugins\/seo\/ -->\n<title>Monsieur Claudio D&#039;ASCENZO - Pompes Fun\u00e8bres Santilly<\/title>\n<meta name=\"robots\" content=\"index, follow, max-snippet:-1, max-image-preview:large, max-video-preview:-1\" \/>\n<link rel=\"canonical\" href=\"https:\/\/www.pompes-funebres-santilly.com\/avis-de-deces\/monsieur-claudio-dascenzo\/\" \/>\n<meta property=\"og:locale\" content=\"fr_FR\" \/>\n<meta property=\"og:type\" content=\"article\" \/>\n<meta property=\"og:title\" content=\"Monsieur Claudio D&#039;ASCENZO - Pompes Fun\u00e8bres Santilly\" \/>\n<meta property=\"og:url\" content=\"https:\/\/www.pompes-funebres-santilly.com\/avis-de-deces\/monsieur-claudio-dascenzo\/\" \/>\n<meta property=\"og:site_name\" content=\"Pompes Fun\u00e8bres Santilly\" \/>\n<meta property=\"article:modified_time\" content=\"2025-01-27T13:37:49+00:00\" \/>\n<meta name=\"twitter:card\" content=\"summary_large_image\" \/>\n<script type=\"application\/ld+json\" class=\"yoast-schema-graph\">{\"@context\":\"https:\/\/schema.org\",\"@graph\":[{\"@type\":\"WebPage\",\"@id\":\"https:\/\/www.pompes-funebres-santilly.com\/avis-de-deces\/monsieur-claudio-dascenzo\/\",\"url\":\"https:\/\/www.pompes-funebres-santilly.com\/avis-de-deces\/monsieur-claudio-dascenzo\/\",\"name\":\"Monsieur Claudio D'ASCENZO - Pompes Fun\u00e8bres Santilly\",\"isPartOf\":{\"@id\":\"https:\/\/www.pompes-funebres-santilly.com\/fr\/#website\"},\"datePublished\":\"2025-01-27T13:37:45+00:00\",\"dateModified\":\"2025-01-27T13:37:49+00:00\",\"breadcrumb\":{\"@id\":\"https:\/\/www.pompes-funebres-santilly.com\/avis-de-deces\/monsieur-claudio-dascenzo\/#breadcrumb\"},\"inLanguage\":\"fr-FR\",\"potentialAction\":[{\"@type\":\"ReadAction\",\"target\":[\"https:\/\/www.pompes-funebres-santilly.com\/avis-de-deces\/monsieur-claudio-dascenzo\/\"]}]},{\"@type\":\"BreadcrumbList\",\"@id\":\"https:\/\/www.pompes-funebres-santilly.com\/avis-de-deces\/monsieur-claudio-dascenzo\/#breadcrumb\",\"itemListElement\":[{\"@type\":\"ListItem\",\"position\":1,\"name\":\"Accueil\",\"item\":\"https:\/\/www.pompes-funebres-santilly.com\/fr\/\"},{\"@type\":\"ListItem\",\"position\":2,\"name\":\"Monsieur Claudio D&rsquo;ASCENZO\"}]},{\"@type\":\"WebSite\",\"@id\":\"https:\/\/www.pompes-funebres-santilly.com\/fr\/#website\",\"url\":\"https:\/\/www.pompes-funebres-santilly.com\/fr\/\",\"name\":\"Pompes Fun\u00e8bres Santilly\",\"description\":\"\",\"publisher\":{\"@id\":\"https:\/\/www.pompes-funebres-santilly.com\/fr\/#organization\"},\"potentialAction\":[{\"@type\":\"SearchAction\",\"target\":{\"@type\":\"EntryPoint\",\"urlTemplate\":\"https:\/\/www.pompes-funebres-santilly.com\/fr\/?s={search_term_string}\"},\"query-input\":{\"@type\":\"PropertyValueSpecification\",\"valueRequired\":true,\"valueName\":\"search_term_string\"}}],\"inLanguage\":\"fr-FR\"},{\"@type\":\"Organization\",\"@id\":\"https:\/\/www.pompes-funebres-santilly.com\/fr\/#organization\",\"name\":\"LCF Santilly\",\"url\":\"https:\/\/www.pompes-funebres-santilly.com\/fr\/\",\"logo\":{\"@type\":\"ImageObject\",\"inLanguage\":\"fr-FR\",\"@id\":\"https:\/\/www.pompes-funebres-santilly.com\/fr\/#\/schema\/logo\/image\/\",\"url\":\"https:\/\/www.pompes-funebres-santilly.com\/wp-content\/uploads\/2019\/12\/logo-1.png\",\"contentUrl\":\"https:\/\/www.pompes-funebres-santilly.com\/wp-content\/uploads\/2019\/12\/logo-1.png\",\"width\":433,\"height\":115,\"caption\":\"LCF Santilly\"},\"image\":{\"@id\":\"https:\/\/www.pompes-funebres-santilly.com\/fr\/#\/schema\/logo\/image\/\"}}]}<\/script>\n<!-- \/ Yoast SEO plugin. -->","yoast_head_json":{"title":"Monsieur Claudio D'ASCENZO - Pompes Fun\u00e8bres Santilly","robots":{"index":"index","follow":"follow","max-snippet":"max-snippet:-1","max-image-preview":"max-image-preview:large","max-video-preview":"max-video-preview:-1"},"canonical":"https:\/\/www.pompes-funebres-santilly.com\/avis-de-deces\/monsieur-claudio-dascenzo\/","og_locale":"fr_FR","og_type":"article","og_title":"Monsieur Claudio D'ASCENZO - Pompes Fun\u00e8bres Santilly","og_url":"https:\/\/www.pompes-funebres-santilly.com\/avis-de-deces\/monsieur-claudio-dascenzo\/","og_site_name":"Pompes Fun\u00e8bres Santilly","article_modified_time":"2025-01-27T13:37:49+00:00","twitter_card":"summary_large_image","schema":{"@context":"https:\/\/schema.org","@graph":[{"@type":"WebPage","@id":"https:\/\/www.pompes-funebres-santilly.com\/avis-de-deces\/monsieur-claudio-dascenzo\/","url":"https:\/\/www.pompes-funebres-santilly.com\/avis-de-deces\/monsieur-claudio-dascenzo\/","name":"Monsieur Claudio D'ASCENZO - Pompes Fun\u00e8bres Santilly","isPartOf":{"@id":"https:\/\/www.pompes-funebres-santilly.com\/fr\/#website"},"datePublished":"2025-01-27T13:37:45+00:00","dateModified":"2025-01-27T13:37:49+00:00","breadcrumb":{"@id":"https:\/\/www.pompes-funebres-santilly.com\/avis-de-deces\/monsieur-claudio-dascenzo\/#breadcrumb"},"inLanguage":"fr-FR","potentialAction":[{"@type":"ReadAction","target":["https:\/\/www.pompes-funebres-santilly.com\/avis-de-deces\/monsieur-claudio-dascenzo\/"]}]},{"@type":"BreadcrumbList","@id":"https:\/\/www.pompes-funebres-santilly.com\/avis-de-deces\/monsieur-claudio-dascenzo\/#breadcrumb","itemListElement":[{"@type":"ListItem","position":1,"name":"Accueil","item":"https:\/\/www.pompes-funebres-santilly.com\/fr\/"},{"@type":"ListItem","position":2,"name":"Monsieur Claudio D&rsquo;ASCENZO"}]},{"@type":"WebSite","@id":"https:\/\/www.pompes-funebres-santilly.com\/fr\/#website","url":"https:\/\/www.pompes-funebres-santilly.com\/fr\/","name":"Pompes Fun\u00e8bres Santilly","description":"","publisher":{"@id":"https:\/\/www.pompes-funebres-santilly.com\/fr\/#organization"},"potentialAction":[{"@type":"SearchAction","target":{"@type":"EntryPoint","urlTemplate":"https:\/\/www.pompes-funebres-santilly.com\/fr\/?s={search_term_string}"},"query-input":{"@type":"PropertyValueSpecification","valueRequired":true,"valueName":"search_term_string"}}],"inLanguage":"fr-FR"},{"@type":"Organization","@id":"https:\/\/www.pompes-funebres-santilly.com\/fr\/#organization","name":"LCF Santilly","url":"https:\/\/www.pompes-funebres-santilly.com\/fr\/","logo":{"@type":"ImageObject","inLanguage":"fr-FR","@id":"https:\/\/www.pompes-funebres-santilly.com\/fr\/#\/schema\/logo\/image\/","url":"https:\/\/www.pompes-funebres-santilly.com\/wp-content\/uploads\/2019\/12\/logo-1.png","contentUrl":"https:\/\/www.pompes-funebres-santilly.com\/wp-content\/uploads\/2019\/12\/logo-1.png","width":433,"height":115,"caption":"LCF Santilly"},"image":{"@id":"https:\/\/www.pompes-funebres-santilly.com\/fr\/#\/schema\/logo\/image\/"}}]}},"_links":{"self":[{"href":"https:\/\/www.pompes-funebres-santilly.com\/fr\/wp-json\/wp\/v2\/avis_deces\/35871","targetHints":{"allow":["GET"]}}],"collection":[{"href":"https:\/\/www.pompes-funebres-santilly.com\/fr\/wp-json\/wp\/v2\/avis_deces"}],"about":[{"href":"https:\/\/www.pompes-funebres-santilly.com\/fr\/wp-json\/wp\/v2\/types\/avis_deces"}],"wp:attachment":[{"href":"https:\/\/www.pompes-funebres-santilly.com\/fr\/wp-json\/wp\/v2\/media?parent=35871"}],"wp:term":[{"taxonomy":"deces_departement","embeddable":true,"href":"https:\/\/www.pompes-funebres-santilly.com\/fr\/wp-json\/wp\/v2\/deces_departement?post=35871"},{"taxonomy":"deces_commune","embeddable":true,"href":"https:\/\/www.pompes-funebres-santilly.com\/fr\/wp-json\/wp\/v2\/deces_commune?post=35871"},{"taxonomy":"deces_publication","embeddable":true,"href":"https:\/\/www.pompes-funebres-santilly.com\/fr\/wp-json\/wp\/v2\/deces_publication?post=35871"}],"curies":[{"name":"wp","href":"https:\/\/api.w.org\/{rel}","templated":true}]}}

Toute la famille ont la douleur de vous faire part du décès de Monsieur Claudio D'ASCENZO

<h2 style="text-align: center;">Le mercredi 04 décembre 2024</h2>
<p style="text-align: center;"><strong>Le recueillement aura lieu à 13h00</strong><br />
au Funérarium de Pantin<br />
<em>(10 rue des Pommiers – 93500 Pantin).</em></p>
<p style="text-align: center;"><strong>La cérémonie se tiendra à 14h30</strong><br />
en l’Église Sainte-Marie-Madeleine<br />
<em>à Gennevilliers,</em></p>
<p style="text-align: center;"><strong>Suivie de l’inhumation à 15h45</strong><br />
au Cimetière de Gennevilliers</p>
<hr />
<p>Clair et bien présenté. 😊</p>

<!-- This site is optimized with the Yoast SEO plugin v26.5 - https://yoast.com/wordpress/plugins/seo/ -->
<title>Monsieur Claudio D&#039;ASCENZO - Pompes Funèbres Santilly</title>
<meta name="robots" content="index, follow, max-snippet:-1, max-image-preview:large, max-video-preview:-1" />
<link rel="canonical" href="https://www.pompes-funebres-santilly.com/avis-de-deces/monsieur-claudio-dascenzo/" />
<meta property="og:locale" content="fr_FR" />
<meta property="og:type" content="article" />
<meta property="og:title" content="Monsieur Claudio D&#039;ASCENZO - Pompes Funèbres Santilly" />
<meta property="og:url" content="https://www.pompes-funebres-santilly.com/avis-de-deces/monsieur-claudio-dascenzo/" />
<meta property="og:site_name" content="Pompes Funèbres Santilly" />
<meta property="article:modified_time" content="2025-01-27T13:37:49+00:00" />
<meta name="twitter:card" content="summary_large_image" />
<script type="application/ld+json" class="yoast-schema-graph">{"@context":"https://schema.org","@graph":[{"@type":"WebPage","@id":"https://www.pompes-funebres-santilly.com/avis-de-deces/monsieur-claudio-dascenzo/","url":"https://www.pompes-funebres-santilly.com/avis-de-deces/monsieur-claudio-dascenzo/","name":"Monsieur Claudio D'ASCENZO - Pompes Funèbres Santilly","isPartOf":{"@id":"https://www.pompes-funebres-santilly.com/fr/#website"},"datePublished":"2025-01-27T13:37:45+00:00","dateModified":"2025-01-27T13:37:49+00:00","breadcrumb":{"@id":"https://www.pompes-funebres-santilly.com/avis-de-deces/monsieur-claudio-dascenzo/#breadcrumb"},"inLanguage":"fr-FR","potentialAction":[{"@type":"ReadAction","target":["https://www.pompes-funebres-santilly.com/avis-de-deces/monsieur-claudio-dascenzo/"]}]},{"@type":"BreadcrumbList","@id":"https://www.pompes-funebres-santilly.com/avis-de-deces/monsieur-claudio-dascenzo/#breadcrumb","itemListElement":[{"@type":"ListItem","position":1,"name":"Accueil","item":"https://www.pompes-funebres-santilly.com/fr/"},{"@type":"ListItem","position":2,"name":"Monsieur Claudio D&rsquo;ASCENZO"}]},{"@type":"WebSite","@id":"https://www.pompes-funebres-santilly.com/fr/#website","url":"https://www.pompes-funebres-santilly.com/fr/","name":"Pompes Funèbres Santilly","description":"","publisher":{"@id":"https://www.pompes-funebres-santilly.com/fr/#organization"},"potentialAction":[{"@type":"SearchAction","target":{"@type":"EntryPoint","urlTemplate":"https://www.pompes-funebres-santilly.com/fr/?s={search_term_string}"},"query-input":{"@type":"PropertyValueSpecification","valueRequired":true,"valueName":"search_term_string"}}],"inLanguage":"fr-FR"},{"@type":"Organization","@id":"https://www.pompes-funebres-santilly.com/fr/#organization","name":"LCF Santilly","url":"https://www.pompes-funebres-santilly.com/fr/","logo":{"@type":"ImageObject","inLanguage":"fr-FR","@id":"https://www.pompes-funebres-santilly.com/fr/#/schema/logo/image/","url":"https://www.pompes-funebres-santilly.com/wp-content/uploads/2019/12/logo-1.png","contentUrl":"https://www.pompes-funebres-santilly.com/wp-content/uploads/2019/12/logo-1.png","width":433,"height":115,"caption":"LCF Santilly"},"image":{"@id":"https://www.pompes-funebres-santilly.com/fr/#/schema/logo/image/"}}]}</script>
<!-- / Yoast SEO plugin. -->

Monsieur Claudio D'ASCENZO - Pompes Funèbres Santilly

Pompes Funèbres Santilly
