{"id":33573,"date":"2024-07-03T14:18:58","date_gmt":"2024-07-03T12:18:58","guid":{"rendered":"https:\/\/www.pompes-funebres-santilly.com\/fr\/?post_type=avis_deces&#038;p=33573"},"modified":"2024-07-03T14:19:03","modified_gmt":"2024-07-03T12:19:03","slug":"madame-lucienne-couteau","status":"publish","type":"avis_deces","link":"https:\/\/www.pompes-funebres-santilly.com\/fr\/avis-de-deces\/madame-lucienne-couteau\/","title":{"rendered":"Madame Lucienne COUTEAU"},"content":{"rendered":"","protected":false},"excerpt":{"rendered":"","protected":false},"featured_media":31070,"template":"","meta":{"_acf_changed":false},"deces_departement":[462],"deces_commune":[570],"deces_publication":[],"class_list":["post-33573","avis_deces","type-avis_deces","status-publish","has-post-thumbnail","hentry","deces_departement-seine-saint-denis","deces_commune-saint-denis"],"acf":{"age_du_defunt":"84","date_de_deces":"2024-06-17","code_postal":"93210","maiden_name":"MAILLET","deceased_photography":30824,"relatives":[{"lastnames_firstnames":[{"line":"Olivier, Ghislaine, Patricia, Philippe, Marin, C\u00e9line, "}],"relationship":"Ses enfants, ses petits-enfants et ses arri\u00e8re-petits-enfant"}],"announcement":"ont la tristesse de vous faire part du d\u00e9c\u00e8s de Madame Lucienne Couteau","funeral":"<p style=\"text-align: center;\"><strong><em>Le lundi 24 juin 2024<\/em><\/strong><\/p>\n<p style=\"text-align: center;\"><strong><em>Recueillement est pr\u00e9vu \u00e0 la chambre fun\u00e9raire de l&rsquo;H\u00f4pital Delafontaine de 9 heures 30 au 10 heures<\/em><\/strong><\/p>\n<p style=\"text-align: center;\"><strong><em>La c\u00e9r\u00e9monie religieuse sera c\u00e9l\u00e9br\u00e9e \u00e0 10 heures 15\u00a0<\/em><\/strong><\/p>\n<p style=\"text-align: center;\"><strong><em>\u00e0 l\u2019\u00e9glise St Lucien de Courneuve<\/em><\/strong><\/p>\n<p style=\"text-align: center;\"><em><strong>Suvie de l&rsquo;inhumation au cimeti\u00e8re communal de La Courneuve<\/strong><\/em><\/p>\n"},"yoast_head":"<!-- This site is optimized with the Yoast SEO plugin v26.5 - https:\/\/yoast.com\/wordpress\/plugins\/seo\/ -->\n<title>Madame Lucienne COUTEAU - Pompes Fun\u00e8bres Santilly<\/title>\n<meta name=\"robots\" content=\"index, follow, max-snippet:-1, max-image-preview:large, max-video-preview:-1\" \/>\n<link rel=\"canonical\" href=\"https:\/\/www.pompes-funebres-santilly.com\/fr\/avis-de-deces\/madame-lucienne-couteau\/\" \/>\n<meta property=\"og:locale\" content=\"fr_FR\" \/>\n<meta property=\"og:type\" content=\"article\" \/>\n<meta property=\"og:title\" content=\"Madame Lucienne COUTEAU - Pompes Fun\u00e8bres Santilly\" \/>\n<meta property=\"og:url\" content=\"https:\/\/www.pompes-funebres-santilly.com\/fr\/avis-de-deces\/madame-lucienne-couteau\/\" \/>\n<meta property=\"og:site_name\" content=\"Pompes Fun\u00e8bres Santilly\" \/>\n<meta property=\"article:modified_time\" content=\"2024-07-03T12:19:03+00:00\" \/>\n<meta property=\"og:image\" content=\"https:\/\/www.pompes-funebres-santilly.com\/wp-content\/uploads\/2022\/11\/AVIS-DECES.jpg\" \/>\n\t<meta property=\"og:image:width\" content=\"768\" \/>\n\t<meta property=\"og:image:height\" content=\"513\" \/>\n\t<meta property=\"og:image:type\" content=\"image\/jpeg\" \/>\n<meta name=\"twitter:card\" content=\"summary_large_image\" \/>\n<script type=\"application\/ld+json\" class=\"yoast-schema-graph\">{\"@context\":\"https:\/\/schema.org\",\"@graph\":[{\"@type\":\"WebPage\",\"@id\":\"https:\/\/www.pompes-funebres-santilly.com\/fr\/avis-de-deces\/madame-lucienne-couteau\/\",\"url\":\"https:\/\/www.pompes-funebres-santilly.com\/fr\/avis-de-deces\/madame-lucienne-couteau\/\",\"name\":\"Madame Lucienne COUTEAU - Pompes Fun\u00e8bres Santilly\",\"isPartOf\":{\"@id\":\"https:\/\/www.pompes-funebres-santilly.com\/fr\/#website\"},\"primaryImageOfPage\":{\"@id\":\"https:\/\/www.pompes-funebres-santilly.com\/fr\/avis-de-deces\/madame-lucienne-couteau\/#primaryimage\"},\"image\":{\"@id\":\"https:\/\/www.pompes-funebres-santilly.com\/fr\/avis-de-deces\/madame-lucienne-couteau\/#primaryimage\"},\"thumbnailUrl\":\"https:\/\/www.pompes-funebres-santilly.com\/wp-content\/uploads\/2022\/11\/AVIS-DECES.jpg\",\"datePublished\":\"2024-07-03T12:18:58+00:00\",\"dateModified\":\"2024-07-03T12:19:03+00:00\",\"breadcrumb\":{\"@id\":\"https:\/\/www.pompes-funebres-santilly.com\/fr\/avis-de-deces\/madame-lucienne-couteau\/#breadcrumb\"},\"inLanguage\":\"fr-FR\",\"potentialAction\":[{\"@type\":\"ReadAction\",\"target\":[\"https:\/\/www.pompes-funebres-santilly.com\/fr\/avis-de-deces\/madame-lucienne-couteau\/\"]}]},{\"@type\":\"ImageObject\",\"inLanguage\":\"fr-FR\",\"@id\":\"https:\/\/www.pompes-funebres-santilly.com\/fr\/avis-de-deces\/madame-lucienne-couteau\/#primaryimage\",\"url\":\"https:\/\/www.pompes-funebres-santilly.com\/wp-content\/uploads\/2022\/11\/AVIS-DECES.jpg\",\"contentUrl\":\"https:\/\/www.pompes-funebres-santilly.com\/wp-content\/uploads\/2022\/11\/AVIS-DECES.jpg\",\"width\":768,\"height\":513},{\"@type\":\"BreadcrumbList\",\"@id\":\"https:\/\/www.pompes-funebres-santilly.com\/fr\/avis-de-deces\/madame-lucienne-couteau\/#breadcrumb\",\"itemListElement\":[{\"@type\":\"ListItem\",\"position\":1,\"name\":\"Accueil\",\"item\":\"https:\/\/www.pompes-funebres-santilly.com\/fr\/\"},{\"@type\":\"ListItem\",\"position\":2,\"name\":\"Madame Lucienne COUTEAU\"}]},{\"@type\":\"WebSite\",\"@id\":\"https:\/\/www.pompes-funebres-santilly.com\/fr\/#website\",\"url\":\"https:\/\/www.pompes-funebres-santilly.com\/fr\/\",\"name\":\"Pompes Fun\u00e8bres Santilly\",\"description\":\"\",\"publisher\":{\"@id\":\"https:\/\/www.pompes-funebres-santilly.com\/fr\/#organization\"},\"potentialAction\":[{\"@type\":\"SearchAction\",\"target\":{\"@type\":\"EntryPoint\",\"urlTemplate\":\"https:\/\/www.pompes-funebres-santilly.com\/fr\/?s={search_term_string}\"},\"query-input\":{\"@type\":\"PropertyValueSpecification\",\"valueRequired\":true,\"valueName\":\"search_term_string\"}}],\"inLanguage\":\"fr-FR\"},{\"@type\":\"Organization\",\"@id\":\"https:\/\/www.pompes-funebres-santilly.com\/fr\/#organization\",\"name\":\"LCF Santilly\",\"url\":\"https:\/\/www.pompes-funebres-santilly.com\/fr\/\",\"logo\":{\"@type\":\"ImageObject\",\"inLanguage\":\"fr-FR\",\"@id\":\"https:\/\/www.pompes-funebres-santilly.com\/fr\/#\/schema\/logo\/image\/\",\"url\":\"https:\/\/www.pompes-funebres-santilly.com\/wp-content\/uploads\/2019\/12\/logo-1.png\",\"contentUrl\":\"https:\/\/www.pompes-funebres-santilly.com\/wp-content\/uploads\/2019\/12\/logo-1.png\",\"width\":433,\"height\":115,\"caption\":\"LCF Santilly\"},\"image\":{\"@id\":\"https:\/\/www.pompes-funebres-santilly.com\/fr\/#\/schema\/logo\/image\/\"}}]}<\/script>\n<!-- \/ Yoast SEO plugin. -->","yoast_head_json":{"title":"Madame Lucienne COUTEAU - Pompes Fun\u00e8bres Santilly","robots":{"index":"index","follow":"follow","max-snippet":"max-snippet:-1","max-image-preview":"max-image-preview:large","max-video-preview":"max-video-preview:-1"},"canonical":"https:\/\/www.pompes-funebres-santilly.com\/fr\/avis-de-deces\/madame-lucienne-couteau\/","og_locale":"fr_FR","og_type":"article","og_title":"Madame Lucienne COUTEAU - Pompes Fun\u00e8bres Santilly","og_url":"https:\/\/www.pompes-funebres-santilly.com\/fr\/avis-de-deces\/madame-lucienne-couteau\/","og_site_name":"Pompes Fun\u00e8bres Santilly","article_modified_time":"2024-07-03T12:19:03+00:00","og_image":[{"width":768,"height":513,"url":"https:\/\/www.pompes-funebres-santilly.com\/wp-content\/uploads\/2022\/11\/AVIS-DECES.jpg","type":"image\/jpeg"}],"twitter_card":"summary_large_image","schema":{"@context":"https:\/\/schema.org","@graph":[{"@type":"WebPage","@id":"https:\/\/www.pompes-funebres-santilly.com\/fr\/avis-de-deces\/madame-lucienne-couteau\/","url":"https:\/\/www.pompes-funebres-santilly.com\/fr\/avis-de-deces\/madame-lucienne-couteau\/","name":"Madame Lucienne COUTEAU - Pompes Fun\u00e8bres Santilly","isPartOf":{"@id":"https:\/\/www.pompes-funebres-santilly.com\/fr\/#website"},"primaryImageOfPage":{"@id":"https:\/\/www.pompes-funebres-santilly.com\/fr\/avis-de-deces\/madame-lucienne-couteau\/#primaryimage"},"image":{"@id":"https:\/\/www.pompes-funebres-santilly.com\/fr\/avis-de-deces\/madame-lucienne-couteau\/#primaryimage"},"thumbnailUrl":"https:\/\/www.pompes-funebres-santilly.com\/wp-content\/uploads\/2022\/11\/AVIS-DECES.jpg","datePublished":"2024-07-03T12:18:58+00:00","dateModified":"2024-07-03T12:19:03+00:00","breadcrumb":{"@id":"https:\/\/www.pompes-funebres-santilly.com\/fr\/avis-de-deces\/madame-lucienne-couteau\/#breadcrumb"},"inLanguage":"fr-FR","potentialAction":[{"@type":"ReadAction","target":["https:\/\/www.pompes-funebres-santilly.com\/fr\/avis-de-deces\/madame-lucienne-couteau\/"]}]},{"@type":"ImageObject","inLanguage":"fr-FR","@id":"https:\/\/www.pompes-funebres-santilly.com\/fr\/avis-de-deces\/madame-lucienne-couteau\/#primaryimage","url":"https:\/\/www.pompes-funebres-santilly.com\/wp-content\/uploads\/2022\/11\/AVIS-DECES.jpg","contentUrl":"https:\/\/www.pompes-funebres-santilly.com\/wp-content\/uploads\/2022\/11\/AVIS-DECES.jpg","width":768,"height":513},{"@type":"BreadcrumbList","@id":"https:\/\/www.pompes-funebres-santilly.com\/fr\/avis-de-deces\/madame-lucienne-couteau\/#breadcrumb","itemListElement":[{"@type":"ListItem","position":1,"name":"Accueil","item":"https:\/\/www.pompes-funebres-santilly.com\/fr\/"},{"@type":"ListItem","position":2,"name":"Madame Lucienne COUTEAU"}]},{"@type":"WebSite","@id":"https:\/\/www.pompes-funebres-santilly.com\/fr\/#website","url":"https:\/\/www.pompes-funebres-santilly.com\/fr\/","name":"Pompes Fun\u00e8bres Santilly","description":"","publisher":{"@id":"https:\/\/www.pompes-funebres-santilly.com\/fr\/#organization"},"potentialAction":[{"@type":"SearchAction","target":{"@type":"EntryPoint","urlTemplate":"https:\/\/www.pompes-funebres-santilly.com\/fr\/?s={search_term_string}"},"query-input":{"@type":"PropertyValueSpecification","valueRequired":true,"valueName":"search_term_string"}}],"inLanguage":"fr-FR"},{"@type":"Organization","@id":"https:\/\/www.pompes-funebres-santilly.com\/fr\/#organization","name":"LCF Santilly","url":"https:\/\/www.pompes-funebres-santilly.com\/fr\/","logo":{"@type":"ImageObject","inLanguage":"fr-FR","@id":"https:\/\/www.pompes-funebres-santilly.com\/fr\/#\/schema\/logo\/image\/","url":"https:\/\/www.pompes-funebres-santilly.com\/wp-content\/uploads\/2019\/12\/logo-1.png","contentUrl":"https:\/\/www.pompes-funebres-santilly.com\/wp-content\/uploads\/2019\/12\/logo-1.png","width":433,"height":115,"caption":"LCF Santilly"},"image":{"@id":"https:\/\/www.pompes-funebres-santilly.com\/fr\/#\/schema\/logo\/image\/"}}]}},"_links":{"self":[{"href":"https:\/\/www.pompes-funebres-santilly.com\/fr\/wp-json\/wp\/v2\/avis_deces\/33573","targetHints":{"allow":["GET"]}}],"collection":[{"href":"https:\/\/www.pompes-funebres-santilly.com\/fr\/wp-json\/wp\/v2\/avis_deces"}],"about":[{"href":"https:\/\/www.pompes-funebres-santilly.com\/fr\/wp-json\/wp\/v2\/types\/avis_deces"}],"wp:featuredmedia":[{"embeddable":true,"href":"https:\/\/www.pompes-funebres-santilly.com\/fr\/wp-json\/wp\/v2\/media\/31070"}],"wp:attachment":[{"href":"https:\/\/www.pompes-funebres-santilly.com\/fr\/wp-json\/wp\/v2\/media?parent=33573"}],"wp:term":[{"taxonomy":"deces_departement","embeddable":true,"href":"https:\/\/www.pompes-funebres-santilly.com\/fr\/wp-json\/wp\/v2\/deces_departement?post=33573"},{"taxonomy":"deces_commune","embeddable":true,"href":"https:\/\/www.pompes-funebres-santilly.com\/fr\/wp-json\/wp\/v2\/deces_commune?post=33573"},{"taxonomy":"deces_publication","embeddable":true,"href":"https:\/\/www.pompes-funebres-santilly.com\/fr\/wp-json\/wp\/v2\/deces_publication?post=33573"}],"curies":[{"name":"wp","href":"https:\/\/api.w.org\/{rel}","templated":true}]}}

Olivier, Ghislaine, Patricia, Philippe, Marin, Céline,

Ses enfants, ses petits-enfants et ses arrière-petits-enfant

ont la tristesse de vous faire part du décès de Madame Lucienne Couteau

<p style="text-align: center;"><strong><em>Le lundi 24 juin 2024</em></strong></p>
<p style="text-align: center;"><strong><em>Recueillement est prévu à la chambre funéraire de l&rsquo;Hôpital Delafontaine de 9 heures 30 au 10 heures</em></strong></p>
<p style="text-align: center;"><strong><em>La cérémonie religieuse sera célébrée à 10 heures 15 </em></strong></p>
<p style="text-align: center;"><strong><em>à l’église St Lucien de Courneuve</em></strong></p>
<p style="text-align: center;"><em><strong>Suvie de l&rsquo;inhumation au cimetière communal de La Courneuve</strong></em></p>

<!-- This site is optimized with the Yoast SEO plugin v26.5 - https://yoast.com/wordpress/plugins/seo/ -->
<title>Madame Lucienne COUTEAU - Pompes Funèbres Santilly</title>
<meta name="robots" content="index, follow, max-snippet:-1, max-image-preview:large, max-video-preview:-1" />
<link rel="canonical" href="https://www.pompes-funebres-santilly.com/fr/avis-de-deces/madame-lucienne-couteau/" />
<meta property="og:locale" content="fr_FR" />
<meta property="og:type" content="article" />
<meta property="og:title" content="Madame Lucienne COUTEAU - Pompes Funèbres Santilly" />
<meta property="og:url" content="https://www.pompes-funebres-santilly.com/fr/avis-de-deces/madame-lucienne-couteau/" />
<meta property="og:site_name" content="Pompes Funèbres Santilly" />
<meta property="article:modified_time" content="2024-07-03T12:19:03+00:00" />
<meta property="og:image" content="https://www.pompes-funebres-santilly.com/wp-content/uploads/2022/11/AVIS-DECES.jpg" />
	<meta property="og:image:width" content="768" />
	<meta property="og:image:height" content="513" />
	<meta property="og:image:type" content="image/jpeg" />
<meta name="twitter:card" content="summary_large_image" />
<script type="application/ld+json" class="yoast-schema-graph">{"@context":"https://schema.org","@graph":[{"@type":"WebPage","@id":"https://www.pompes-funebres-santilly.com/fr/avis-de-deces/madame-lucienne-couteau/","url":"https://www.pompes-funebres-santilly.com/fr/avis-de-deces/madame-lucienne-couteau/","name":"Madame Lucienne COUTEAU - Pompes Funèbres Santilly","isPartOf":{"@id":"https://www.pompes-funebres-santilly.com/fr/#website"},"primaryImageOfPage":{"@id":"https://www.pompes-funebres-santilly.com/fr/avis-de-deces/madame-lucienne-couteau/#primaryimage"},"image":{"@id":"https://www.pompes-funebres-santilly.com/fr/avis-de-deces/madame-lucienne-couteau/#primaryimage"},"thumbnailUrl":"https://www.pompes-funebres-santilly.com/wp-content/uploads/2022/11/AVIS-DECES.jpg","datePublished":"2024-07-03T12:18:58+00:00","dateModified":"2024-07-03T12:19:03+00:00","breadcrumb":{"@id":"https://www.pompes-funebres-santilly.com/fr/avis-de-deces/madame-lucienne-couteau/#breadcrumb"},"inLanguage":"fr-FR","potentialAction":[{"@type":"ReadAction","target":["https://www.pompes-funebres-santilly.com/fr/avis-de-deces/madame-lucienne-couteau/"]}]},{"@type":"ImageObject","inLanguage":"fr-FR","@id":"https://www.pompes-funebres-santilly.com/fr/avis-de-deces/madame-lucienne-couteau/#primaryimage","url":"https://www.pompes-funebres-santilly.com/wp-content/uploads/2022/11/AVIS-DECES.jpg","contentUrl":"https://www.pompes-funebres-santilly.com/wp-content/uploads/2022/11/AVIS-DECES.jpg","width":768,"height":513},{"@type":"BreadcrumbList","@id":"https://www.pompes-funebres-santilly.com/fr/avis-de-deces/madame-lucienne-couteau/#breadcrumb","itemListElement":[{"@type":"ListItem","position":1,"name":"Accueil","item":"https://www.pompes-funebres-santilly.com/fr/"},{"@type":"ListItem","position":2,"name":"Madame Lucienne COUTEAU"}]},{"@type":"WebSite","@id":"https://www.pompes-funebres-santilly.com/fr/#website","url":"https://www.pompes-funebres-santilly.com/fr/","name":"Pompes Funèbres Santilly","description":"","publisher":{"@id":"https://www.pompes-funebres-santilly.com/fr/#organization"},"potentialAction":[{"@type":"SearchAction","target":{"@type":"EntryPoint","urlTemplate":"https://www.pompes-funebres-santilly.com/fr/?s={search_term_string}"},"query-input":{"@type":"PropertyValueSpecification","valueRequired":true,"valueName":"search_term_string"}}],"inLanguage":"fr-FR"},{"@type":"Organization","@id":"https://www.pompes-funebres-santilly.com/fr/#organization","name":"LCF Santilly","url":"https://www.pompes-funebres-santilly.com/fr/","logo":{"@type":"ImageObject","inLanguage":"fr-FR","@id":"https://www.pompes-funebres-santilly.com/fr/#/schema/logo/image/","url":"https://www.pompes-funebres-santilly.com/wp-content/uploads/2019/12/logo-1.png","contentUrl":"https://www.pompes-funebres-santilly.com/wp-content/uploads/2019/12/logo-1.png","width":433,"height":115,"caption":"LCF Santilly"},"image":{"@id":"https://www.pompes-funebres-santilly.com/fr/#/schema/logo/image/"}}]}</script>
<!-- / Yoast SEO plugin. -->

Madame Lucienne COUTEAU - Pompes Funèbres Santilly

Pompes Funèbres Santilly
